50 - -2)).
70
(-22 - -31) + -10 + (-2 - (-5 + 3))
-1
What is 63 + -25 - (1 + 9)?
28
(-13 - -2 - 3) + (514 - 498)
2
Evaluate 12 + -26 + (-18 - -23 - -2).
-7
What is the value of (12 - (-8 - (-5 + 3) - -24) - -42) + -1?
35
1193 + -1161 + (-1 - 29) - (40 + 0)
-38
(-125 - (3 - (9 + -6))) + (-37 - (-61 + 11))
-112
Calculate -2 - (6 + -6 + 11 + -7 + -1).
-5
Calculate -8 + 21 + (-1 - -10) + (-33 - -22) + 78.
89
19 + 18 - 27 - (-84 - -113)
-19
Calculate 29 - (-42 + 103 - 18).
-14
What is the value of -1 + 5 + -20 + 12 + -16 + 17?
-3
Evaluate 11 - ((-10 - -9 - 21) + -3) - 3.
33
Evaluate -116 + -64 + (32 - -116).
-32
Evaluate (-26 - -13 - -27) + (0 - 6).
8
0 + 2 + -10 - (17 - (49 + -24))
0
What is (-3 - -52) + (65 - 62) - 8?
44
What is 8 - (33 + -30 - -25) - -8?
-12
What is -64 - (-40 + 47 - 39)?
-32
Evaluate 1 + -13 - (65 + -57 - (11 - 0)).
-9
What is 22 + (10 - (-36 + 230 + -36))?
-126
Evaluate (-18 - -36 - 9 - -13) + -13.
9
Evaluate (7 - 11) + 8 + -63 + 13 + -19.
-65
Calculate 1 + -2 + -1 + (243 - 129 - 97).
15
What is the value of (527 - 516) + 6 + 1 + -7 + -95?
-84
Evaluate -2 + -123 + 133 + -1 + -76 - -12.
-57
What is 0 - -13 - (1121 + -1097)?
-11
What is the value of (84 - (-26 + 24 + 16)) + -1 + 2?
71
What is (1 - 1) + 41 - (13023 + -13006)?
24
61 - (81 - (-35 + 38))
-17
What is -25 + (24 - (3 + -25)) - -12?
33
Evaluate 2 + -1 + 14 + -1 + (8 - 14) + -43.
-35
What is -59 + 2 - (-34 - (-31 + 9))?
-45
Calculate 57 - 1 - (378 - 374) - (6 - 3).
49
-31 + (144 - (122 - 43))
34
Calculate (13474 - 13320) + -39 + 0.
115
What is the value of 14 + -20 + -7 + 20 - (0 + -4) - -23?
34
Evaluate -43 - (-23 + 46 + -17).
-49
Calculate -9 + -8 + (20 - (1 + 5)) + -9.
-12
83 + (48 + -35 - (-7 - -43))
60
Calculate 24 - 0 - 30 - (-7 + -5 + 0).
6
2 + 26 - (3 + -9 + 17)
17
What is 59 + -7 + -9 + -11 + (14 - 7)?
39
What is -22 - (1 + -1) - (-598 - (-23 + -583))?
-30
What is 15 + -16 + 12 + -14 + 14 + 72?
83
Calculate 10 + (-9 + -21 - (-2 - 17)).
-1
6 + (762 - 807 - (3 + (0 - 2) + -11))
-29
-38 - (2 - 1) - 7 - -5 - (3 - -11)
-55
(-8 - (106 + -74)) + -23
-63
(48 - 29) + (4 - 2 - 15)
6
Evaluate (12 - -4 - 7) + (12 - 7) + -35.
-21
Calculate 0 - 0 - -1 - (165 - 183).
19
What is the value of 17 + (-212 - -228) + 1 + 17?
51
Evaluate -30 + -45 + 74 + 6.
5
What is the value of 10 - (11 - (20 - 13 - 39))?
-33
What is the value of 20 + (-37 - -10) + 0 + -3?
-10
What is 344 + -339 + (-25 + -4 - -4)?
-20
-40 + 81 + -10 - 14
17
(-129 - -62) + 71 - -44
48
What is 0 - -12 - ((-3 - -2) + (80 - (67 + 18)))?
18
Evaluate 3 + (8 - (11 + -17) - (34 - 101)).
84
What is 59 - (0 + -10 - (41 - (68 - 5)))?
47
What is 1561 + -1573 - ((1 - (-37 - -1)) + -1)?
-48
Evaluate -2 + ((5 - (-1 + 0)) + 48 - -5 - 9).
48
Calculate 202 + (-4 - (86 - -9)).
103
What is the value of -280 + 216 + (0 - -8) - 21?
-77
Calculate 2 + -26 + (3 + -16 - 9).
-46
Evaluate (706 - 752) + (-5 - (6 + (-24 - 3))).
-30
What is -1 - (-16 + 17 + -20) - 5?
13
Calculate (8 - (-9 + 2)) + (28 - 19).
24
-68 + 41 + (-70 - 6) + 0 + -24
-127
What is (-27 - -18) + (-3 - -16) - -1 - (-15 + -49)?
69
Evaluate (61 - 11) + -34 - (-3 + 13) - (55 + 2).
-51
0 - 14 - ((-2 - 48) + -33)
69
-7 - (-91 + 49 - -79)
-44
What is the value of (34 - (-26 + 35)) + -50?
-25
Calculate 40 - (-6 + -60 + 35).
71
Evaluate -104 + 33 + 26 + 83.
38
39 - (-11 - -19) - (8 + -35)
58
What is (-13 - (7 + -6 + 2)) + -29 + 38?
-7
7 + -33 - (7 + -75)
42
0 + 16 - -7 - (-47 + (27 - -12))
31
What is the value of -11 - ((-4 + 24 - (28 - 26)) + -3)?
-26
-2 + -1 + 1 - (-107 + (-124 - -212))
17
(2 - (-1 + 5)) + -1 + -1693 + 1708 - -23
35
What is (-9 - (-4 + 2)) + (93 - 98)?
-12
744 - 736 - (-37 + -1)
46
What is -9 - ((-1 - -2) + (-11 - (-12 + 5))) - -106?
100
What is -93 + 11 + (-5 - (5 - (7 - (-14 - -16))))?
-87
What is the value of 16 + -24 + (40 - 64) + -28?
-60
-68 + 26 + 27 + (-2 - 20)
-37
What is 1 + (-295 + 280 - (1 + -3 - 84))?
72
(175 + -33 - 97) + -10 + 1
36
What is 75 - 3 - ((-60 + 14 - -42) + -8 + 0)?
84
116 - (100 + 67 + -188)
137
Evaluate (-6 - -2) + (-4 - 6) + 43 + -32.
-3
-30 + (-7 + -25 - -19) + 10
-33
Calculate -68 - -1 - ((337 - 252) + -72).
-80
Evaluate (-69 - (3 - -13 - 42)) + 116.
73
Evaluate 71 - (-4 - -54 - 38).
59
Calculate -2 + 45 + -1 - (-43 - -16 - -20).
49
Evaluate (27 + (41 - -27) - 11) + -16.
68
Evaluate 20 + (4 - -15 - 5) + -52 + -56.
-74
Calculate -56 + 47 + -59 + 21.
-47
4 - (-28 - (-62 - -45))
15
Calculate -61 - (-12 - (81 - 51)) - ((-3 - 3) + 3).
-16
-11 - ((8 - 3) + -8) - (-84 - -12)
64
Calculate -1 + (0 - -12) + (-101 + 14 - -133).
57
Calculate -8 + (-3 - -31 - 21) + -16 + 8.
-9
What is ((-37 - -20) + -140 - -22) + (-9 - -29)?
-115
Evaluate 4 + -111 + 1064 + -1060.
-103
What is the value of 9 + (-48 - (-17 - (1 + 9 + -19)))?
-31
What is the value of ((2 - -2) + 1 - (6 - -18)) + 13 - 110?
-116
What is the value of (-57 - (-50 + 30)) + (0 - -9)?
-28
Calculate (40 - -2) + (700 - 734) - (93 + 0 + -2).
-83
Calculate 25 + -14 + (20 - 80) - -9.
-40
Evaluate 133 - (105 - (-52 - 26)).
-50
Calculate -8 + (20 + 0 - (163 + -168 + 3 + -10)).
24
What is -20 + 16 + -14 + 1 + -23 + 25 + 2?
-13
-8 + (-5 - -2) + -18 + 32 + -12
-9
What is 3 + -33 + 91 + -125?
-64
What is (-6 + 0 - (11 + -12)) + 81 - 13?
63
What is (12 - 3) + 15 + (-70 - -87)?
41
-153 + (37 - (54 - 10 - 35))
-125
What is 16 - ((-12 - 1) + (-212 - -200))?
41
Evaluate (-1 - (16 - (0 - 10 - -27))) + -64 + 0.
-64
What is -9 + (-5 - (-29 + 4)) + -22 + 7?
-4
What is -9 - (11 + (-54 - -11 - -19)) - -101?
105
Calculate 208 + -56 + 69 + -225.
-4
-26 - (-5 + 1) - (-13 - (21 + -42))
-30
What is the value of -70 + -13 + -15 + 23 - (-12 - -8)?
-71
What is (161 - 172 - (-2 + (8 - 3))) + -42?
-56
Evaluate 26934 - 26992 - (0 + -5 + -1).
-52
Calculate (-49 - (-24 - 17)) + 32.
24
What is 20 + -10 + -3 + -25 + -5 + 6 + -6?
-23
Calculate 26 + (81 - (57 - -31)).
19
Calculate 1 + -132 + (12 - (12 - (39 - 11))) + -18.
-121
Calculate -7 + -5 + 2 + 7 + 7 + -9 + -1.
-6
Evaluate -2 + 16 - (-48 + 27 - (-19 - -13)).
29
Evaluate 83 + -1 - (-1446 - -1414) - 16.
98
What is 231 - (140 + 65) - (22 + 0)?
4
Evaluate (-42 + 32 - 16) + 0 + -4.
-30
-27 - (-19 + 1 - -1)
-10
Calculate -27 + -25 + 36 - 16.
-32
(3 + (3 - 8) - (-5 - 73)) + -47 + 36
65
What is the value of -15 + (-8 + -7 - 80 - (-9 + -5))?
-96
54 + 0 + (-4 - (2 + -1) - (-85 + 82))
52
-29 + (-12 - 0 - -1 - 1 - (4 + -7))
-38
-30 + 29 + (-20 - 7) + 135
107
Evaluate (-2 - 0) + 9 + (-21 + 14 - (-1 + 1)).
0
Evaluate -4 + (-12 - 39 - -80).
25
Calculate 7 + (-11 - -10) + -7 - -62 - (21 + -6).
46
What is the value of (20 - 2) + 233 + -222 + (0 - 36)?
-7
Calculate 11 - -1 - (-29 + (51 - 42)).
32
What is the value of 120 + (2 - (-4 + 0 + -13)) - 23?
116
What is (7 - (5 - -39)) + -8 + (3 - -5)?
-37
9 - (0 + -1) - (-14 - 23 - -59 - -42)
-54
Evaluate -2110 + 2095 - (-1 + 71).
-85
Evaluate (-12 - (79 - -1) - (6 + 4)) + (-8 - 2).
-112
Evaluate 16 + 34 + (-4 - -8 - 16) + 9.
47
6 - (-21 + 6 + (3 - 69) + 6 + 0)
81
What is the value of 8 + -3 - (-39 + 42 + (68 - -10))?
-76
Calculate (-26 - (23 + -16 + -23)) + -23 + (1 - 0).
-32
What is the value of (30 - -11) + 76 + -121?
-4
-32 - -33 - (2 + (-3 - 32) + (7 - 6))
33
What is -10 + -1 + 2 + 0 - (8 - 9 - -2)?
-10
(21 - (9 + 13)) + ((-1 - 3) + -40 - -3)
-42
Evaluate 3 + (-143 - (8 - 129)).
-19
Evaluate 14 + (-148 - -130 - (8 - 1)).
-11
What is the value of 1 + -12 + (19 - (-5 - (17 - 27)) - -42)?
45
Evaluate -228329 - -228324 - (0 + 97 + 0 - 1).
-101
What is the value of -56 + (-2 - 1) + (-13 - 4 - -32)?
-44
Calculate 0 + -6 + -31 + (89 - 54) + -1 + -4.
-7
2 + (-4 - -8) - (-27 + (-16 - (25 + -66)))
8
What is (12 + 1 - (36 + -33 - 4)) + -42?
-28
(75 - 2) + (43 - (71 - 25))
70
What is 8 + (-3 - 31) - -33?
7
Evaluate 3 - -25 - ((17 - 19 - 11) + (0 - -3)).
38
Evaluate 15 + 5 + (-1 - (21 - 1)).
-1
Calculate (-2 - -2) + (-11 + 59 - 12) + 10 + -13.
33
Evaluate -118 + 65 + 16 + -16.
-53
65 - (15 + -15 + -33 - (7 + -22))
83
What is 29 + (1 - 10) + (-201 - -112)?
-69
Calculate -24 - ((21 - -24) + -40).
-29
14 - (-60 + 90) - 23
-39
(36 + 23 - 143) + -15
-99
What is the value of 50 + (40 - (119 - 47))?
18
Calculate 4 + 2 + (-1 - 1 - (-69 - -54)) + -2.
17
What is (-30 - 7 - 31) + 17?
-51
Evaluate 7 + (-27 + -3 - (-5 - (-22 + 10))).
-30
Calculate 34 + (8 - (-7 +